{"id":296,"date":"2021-05-30T13:36:12","date_gmt":"2021-05-30T13:36:12","guid":{"rendered":"http:\/\/kobolcso.hu\/?page_id=296"},"modified":"2021-05-30T13:36:12","modified_gmt":"2021-05-30T13:36:12","slug":"tevuton","status":"publish","type":"page","link":"https:\/\/kobolcso.hu\/?page_id=296","title":{"rendered":"T\u00e9v\u00faton"},"content":{"rendered":"\n<figure class=\"wp-block-image size-large\"><img loading=\"lazy\" decoding=\"async\" width=\"1024\" height=\"726\" src=\"http:\/\/kobolcso.hu\/wp-content\/uploads\/2021\/05\/nyiszi-repa-labirintus-jatek-gyerekeknek-1024x726.jpg\" alt=\"\" class=\"wp-image-297\" srcset=\"https:\/\/kobolcso.hu\/wp-content\/uploads\/2021\/05\/nyiszi-repa-labirintus-jatek-gyerekeknek-1024x726.jpg 1024w, https:\/\/kobolcso.hu\/wp-content\/uploads\/2021\/05\/nyiszi-repa-labirintus-jatek-gyerekeknek-300x213.jpg 300w, https:\/\/kobolcso.hu\/wp-content\/uploads\/2021\/05\/nyiszi-repa-labirintus-jatek-gyerekeknek-768x544.jpg 768w, https:\/\/kobolcso.hu\/wp-content\/uploads\/2021\/05\/nyiszi-repa-labirintus-jatek-gyerekeknek-1536x1088.jpg 1536w, https:\/\/kobolcso.hu\/wp-content\/uploads\/2021\/05\/nyiszi-repa-labirintus-jatek-gyerekeknek-2048x1451.jpg 2048w\" sizes=\"auto, (max-width: 1024px) 100vw, 1024px\" \/><\/figure>\n\n\n\n<p><\/p>\n\n\n\n<p class=\"has-text-align-center\"><strong>Magyar gyermekek k\u00fclf\u00f6ldi gyermekv\u00e9delmi rendszerekben<\/strong><\/p>\n\n\n\n<p>Az Eur\u00f3pai Uni\u00f3s szabads\u00e1gjogok egyik legmeghat\u00e1roz\u00f3bb pill\u00e9re a szabad munkav\u00e1llal\u00e1s, melynek hat\u00e1s\u00e1ra t\u00f6bb, mint 120.000 honfit\u00e1rsunk hagyta el v\u00e9gleg vagy \u00e1tmenetileg az orsz\u00e1got \u00e9s v\u00e1llalt munk\u00e1t k\u00fclf\u00f6ld\u00f6n: f\u0151k\u00e9nt N\u00e9metorsz\u00e1gban, Ausztri\u00e1ban \u00e9s Angli\u00e1ban.<\/p>\n\n\n\n<p>Hogy ennek a gazdas\u00e1gi migr\u00e1ci\u00f3nak milyen hat\u00e1sai vannak a csal\u00e1dokra, arr\u00f3l persze igen el\u0151rel\u00e1t\u00f3an nem k\u00e9sz\u00fcltek felm\u00e9r\u00e9sek; \u00fagyhogy most elmes\u00e9lem nektek azt, ami m\u00e9g a nem l\u00e9tez\u0151 tanulm\u00e1ny apr\u00f3 bet\u0171s r\u00e9szeib\u0151l is kimaradna.<\/p>\n\n\n\n<p>Kittivel nem ismert\u00fck egym\u00e1st szem\u00e9lyesen annak ellen\u00e9re, hogy p\u00e1r \u00e9vvel ut\u00e1nam v\u00e9gzett a Szegedi Tudom\u00e1nyegyetem szoci\u00e1lis munk\u00e1s kar\u00e1n. A diplomaoszt\u00f3t k\u00f6vet\u0151en sok ezer honfit\u00e1rs\u00e1hoz hasonl\u00f3an ugyanis r\u00f6gt\u00f6n Angli\u00e1ban pr\u00f3b\u00e1lta meg frissen szerzett tud\u00e1s\u00e1t Forint helyett Fontra v\u00e1ltani.<\/p>\n\n\n\n<p>Az angol gy\u00e1mhivatal k\u00f6tel\u00e9k\u00e9ben kezdetben az ut\u00f3gondozott gyermekek \u00e9rdekeit k\u00e9pviselte, majd k\u00e9s\u0151bb arra specializ\u00e1l\u00f3dott, hogy a nevel\u0151sz\u00fcl\u0151nek jelentkez\u0151k alkalmass\u00e1g\u00e1t vizsg\u00e1lja. Szorgalma \u00e9s kitart\u00e1sa meghozta gy\u00fcm\u00f6lcs\u00e9t, mert 10 \u00e9vvel k\u00e9s\u0151bb m\u00e1r \u00f6n\u00e1ll\u00f3, f\u00fcggetlen szak\u00e9rt\u0151k\u00e9nt seg\u00edtette azon \u00f6nkorm\u00e1nyzatok munk\u00e1j\u00e1t, akik nem tudtak eleget tenni a t\u00f6rv\u00e9nyben el\u0151\u00edrt k\u00f6telezetts\u00e9geiknek.<\/p>\n\n\n\n<p><em>Szoci\u00e1lis munk\u00e1sokb\u00f3l Angli\u00e1ban is mindig hi\u00e1ny van<\/em> \u2013 mes\u00e9li Kitti. <em>Az azonban, hogy valakinek ilyen jelleg\u0171 diplom\u00e1ja van, m\u00e9g nem felt\u00e9tlen\u00fcl jelenti azt, hogy szakmailag kompetens is. Az orsz\u00e1g gyermekv\u00e9delmi rendszere rendk\u00edv\u00fcl apr\u00f3l\u00e9kosan kidolgozott, komoly jogi tud\u00e1st \u00e9s folyamatos \u00f6nk\u00e9pz\u00e9st ig\u00e9nyel. Azok a szakemberek, akik nem k\u00e9pzik magukat folyamatosan, egy id\u0151 ut\u00e1n k\u00e9pzetlen munkaer\u0151nek sz\u00e1m\u00edtanak.<\/em><\/p>\n\n\n\n<p>A magyarok egyik kedvelt migr\u00e1ci\u00f3s c\u00e9lorsz\u00e1g\u00e1ba: &nbsp;Angli\u00e1ba sem csak egyed\u00fcl\u00e1ll\u00f3 szem\u00e9lyek, hanem rengeteg csal\u00e1d is kik\u00f6lt\u00f6z\u00f6tt az ut\u00f3bbi 10 \u00e9vben szerencs\u00e9t pr\u00f3b\u00e1lni. A szakk\u00e9pzetlen, nyelvet nem besz\u00e9l\u0151 k\u00fclf\u00f6ldiek azonban nem minden esetben tal\u00e1lt\u00e1k meg a sz\u00e1m\u00edt\u00e1sukat az \u00edg\u00e9ret f\u00f6ldj\u00e9n. A kitelep\u00fclt, vagy kint sz\u00fcletett gyermekek sok esetben a feln\u0151ttek elhib\u00e1zott d\u00f6nt\u00e9seinek \u00e1ldozat\u00e1v\u00e1 v\u00e1ltak, illetve v\u00e1lnak a mai napig, ami al\u00f3l a h\u00edrhedten talpraesett magyarok sem kiv\u00e9telek.<\/p>\n\n\n\n<p><em>2018-ban a csal\u00e1dommal egy\u00fctt v\u00e9gleg hazak\u00f6lt\u00f6ztem Magyarorsz\u00e1gra, de a munk\u00e1m tov\u00e1bbra is Angli\u00e1hoz k\u00f6t, ugyan\u00fagy a gyermekv\u00e9delemben dolgozom.<\/em><\/p>\n\n\n\n<p><strong>Ezt hogyan k\u00e9pzelj\u00fck el, kisgyermekes sz\u00fcl\u0151k\u00e9nt folyamatosan ing\u00e1zol a k\u00e9t orsz\u00e1g k\u00f6z\u00f6tt?<\/strong><\/p>\n\n\n\n<p><em>Kezdetben \u00fagy volt, de ma m\u00e1r az angliai k\u00f6telezetts\u00e9geimet interneten kereszt\u00fcl bonyol\u00edtom le.<\/em><\/p>\n\n\n\n<p><strong>Mi a konkr\u00e9t feladatod?<\/strong><\/p>\n\n\n\n<p><em>Az Angli\u00e1ban \u00e1llami gondoz\u00e1sba ker\u00fclt magyar gyermekek sz\u00fcleit, rokons\u00e1g\u00e1t kutatom fel itt Magyarorsz\u00e1gon, illetve az \u0151 alkalmass\u00e1gukat m\u00e9rem fel egy esetleges kihelyez\u00e9shez.<\/em><\/p>\n\n\n\n<p><strong>Ezt hogyan k\u00e9pzelj\u00fck el a gyakorlatban?<\/strong><\/p>\n\n\n\n<p><em>Vegy\u00fcnk egy magyar csal\u00e1dot, akik szerencs\u00e9t pr\u00f3b\u00e1lnak Angli\u00e1ban. Ez mindenk\u00e9pp egy \u00f3ri\u00e1si sokk mindenkinek \u00e9s m\u00e9g akkor sem jelenti azt, hogy azonnal k\u00e9pesek alkalmazkodni a befogad\u00f3 orsz\u00e1g szok\u00e1saihoz \u00e9s alkalmazni annak szab\u00e1lyrendszer\u00e9t, ha van munk\u00e1juk \u00e9s k\u00e9pesek biztos\u00edtani a saj\u00e1t meg\u00e9lhet\u00e9s\u00fcket. Az \u00e9n klienseim t\u00f6bbnyire roma csal\u00e1dok, akik term\u00e9szetesen hozz\u00e1k magukkal a<\/em> <em>saj\u00e1t mentalit\u00e1sukat, szok\u00e1srendszer\u00fcket, nevel\u00e9si m\u00f3dszereiket. Ezek azonban nem minden esetben kompatibilisek az angol gyermekv\u00e9delmi rendszerrel, ami k\u00f6ztudottan rettent\u0151en szigor\u00fa \u00e9s fele annyira sem toler\u00e1ns, mint mondjuk a magyar. <\/em>(nevet)<em> Ha itthon az angol m\u00e9rce \u00e9rv\u00e9nyes\u00fclne, nem sok gyerek \u00e9lne a v\u00e9r szerinti csal\u00e1dj\u00e1ban. Angli\u00e1ban a gyermekek testi feny\u00edt\u00e9se (pl egy pofon) vagy a verb\u00e1lis agresszi\u00f3 is indok lehet a kiemel\u00e9sre. Ha egy gyerek kiemel\u00e9sre ker\u00fcl, akkor f\u00e9l \u00e9ven bel\u00fcl v\u00e9gleges d\u00f6nt\u00e9s sz\u00fcletik arra vonatkoz\u00f3lag, hogy mi lesz a sorsa. Nincs csiki-csuki, nincsenek \u00e9ves fel\u00fclvizsg\u00e1latok; a b\u00edr\u00f3s\u00e1g r\u00f6vid \u00faton pontot tesz az \u00fcgy v\u00e9g\u00e9re \u00e9s nincs v\u00e9gtelen t\u00fcrelemmel a v\u00e9r szerinti sz\u00fcl\u0151 jogai ir\u00e1nt.<\/em><\/p>\n\n\n\n<p><strong>\u00c9s hogyan ker\u00fclsz te a k\u00e9pbe?<\/strong><\/p>\n\n\n\n<p><em>Ha magyar gyermek ker\u00fcl az angol gyermekv\u00e9delmi rendszerbe, akkor a hat\u00f3s\u00e1gok hivatalb\u00f3l \u00e9rtes\u00edtik az Emberi Er\u0151forr\u00e1sok Miniszt\u00e9rium\u00e1t. B\u00e1r az angol b\u00edr\u00f3s\u00e1gok nagyon szigor\u00fak, azonban els\u0151 k\u00f6rben mindig arra t\u00f6rekszenek, hogy a gyermek a v\u00e9r szerinti sz\u00fcleihez valamilyen rokoni \u2013vagy bar\u00e1ti sz\u00e1llal kapcsol\u00f3d\u00f3 csal\u00e1dhoz ker\u00fclj\u00f6n. Ez\u00e9rt azt\u00e1n nem kev\u00e9s p\u00e9nzt \u00e1ldozzanak arra, hogy a k\u00fclf\u00f6ldi gyerekek sz\u00e1rmaz\u00e1si orsz\u00e1g\u00e1ban kutass\u00e1k fel a potenci\u00e1lis rokonokat.<\/em><\/p>\n\n\n\n<p><em>\u00c9n ezt a munk\u00e1t v\u00e9gzem itt, Magyarorsz\u00e1gon. F\u00fcggetlen szak\u00e9rt\u0151k\u00e9nt igazs\u00e1g\u00fcgyi szak\u00e9rt\u0151i v\u00e9lem\u00e9nyeket k\u00e9sz\u00edtek a magyar rokonokr\u00f3l, angol nyelven az angol b\u00edr\u00f3s\u00e1gok sz\u00e1m\u00e1ra.<\/em><\/p>\n\n\n\n<p><strong>Hogyan v\u00e9gzed ezt a munk\u00e1t a gyakorlatban?<\/strong><\/p>\n\n\n\n<p><em>Megkapom a vaskos iratanyagot a b\u00edr\u00f3s\u00e1gt\u00f3l \u00e9s felveszem a kapcsolatot a v\u00e9r szerinti (magyar) sz\u00fcl\u0151kkel. \u0150k ell\u00e1tnak inform\u00e1ci\u00f3val a rokons\u00e1gra vonatkoz\u00f3an, akiket felkeresek szem\u00e9lyesen az orsz\u00e1g eg\u00e9sz ter\u00fclet\u00e9n b\u00e1rhol, t\u00f6bb alkalommal is. K\u00f6rnyezettanulm\u00e1nyt v\u00e9gzek, elbesz\u00e9lgetek vel\u00fck, megkeresem az illet\u00e9kes \u00f6nkorm\u00e1nyzatot, gyermekj\u00f3l\u00e9ti szolg\u00e1latot, a jel\u00f6ltek munkaad\u00f3it \u00e9s mindenkit, aki \u00e9rintett. Amennyiben az adott szem\u00e9lyek k\u00f6z\u00f6tt van a gyermek ell\u00e1t\u00e1s\u00e1ra alkalmas jel\u00f6lt, aki elvileg v\u00e1llaln\u00e1 is a kiskor\u00fa gy\u00e1ms\u00e1g\u00e1t, de mondjuk a lak\u00f3k\u00f6rnyezete nem megfelel\u0151 vagy a j\u00f6vedelme nem elegend\u0151 a plusz egy (vagy t\u00f6bb) f\u0151 ell\u00e1t\u00e1s\u00e1hoz, kalkul\u00e1ci\u00f3t k\u00e9sz\u00edtek arra vonatkoz\u00f3lag, hogy az angol gy\u00e1mhat\u00f3s\u00e1gnak h\u00e1ny Fonttal kellene havonta t\u00e1mogatnia a csal\u00e1dot, hogy a kihelyez\u00e9s sikeres \u00e9s tart\u00f3s legyen.<\/em><\/p>\n\n\n\n<p><strong>Egy pillanat: ez azt jelenti, hogy ha te tal\u00e1lsz egy alkalmas rokont, akihez elvileg hazaadhat\u00f3 a gyermek Angli\u00e1b\u00f3l, akkor a hazagondoz\u00e1st k\u00f6vet\u0151en az angol \u00e1llam havi szinten t\u00e1mogatja ezt a csal\u00e1dot, kem\u00e9ny valut\u00e1val?<\/strong><\/p>\n\n\n\n<p><em>Igen, amennyniben erre a befogad\u00f3 csal\u00e1dnak sz\u00fcks\u00e9ge van. Ha az angol b\u00edr\u00f3s\u00e1g a magyar rokons\u00e1g jav\u00e1ra d\u00f6nt, akkor a hazak\u00f6lt\u00f6z\u00e9st k\u00f6vet\u0151en az \u00fcgyet \u00e1tveszi a magyar gy\u00e1mhat\u00f3s\u00e1g vagy a gyermekj\u00f3l\u00e9ti szolg\u00e1lat \u00e9s \u00edgy Anglia a tov\u00e1bbiakban m\u00e1r nem illet\u00e9kes; viszont az angol b\u00edr\u00f3s\u00e1gi hat\u00e1rozatban meg\u00e1llap\u00edtott \u00f6sszeget havonta foly\u00f3s\u00edtja a befogad\u00f3 csal\u00e1d r\u00e9sz\u00e9re.<\/em><\/p>\n\n\n\n<p><strong>\u00c9s mi ebben a biznisz Angli\u00e1nak?<\/strong><\/p>\n\n\n\n<p><em>Angli\u00e1ban egy gyermek nevel\u0151sz\u00fcl\u0151n\u00e9l t\u00f6rt\u00e9n\u0151 elhelyez\u00e9se \u00e1ltal\u00e1ban 500-700 Font k\u00f6z\u00f6tt van <u>hetente.<\/u> Egy esetleges magyarorsz\u00e1gi kihelyez\u00e9skor ez az \u00f6sszeg a k\u00f6r\u00fclm\u00e9nyek f\u00fcggv\u00e9ny\u00e9ben \u00e1ltal\u00e1ban olyan 400 Font <u>havonta.<\/u> Azt azonban fontos hozz\u00e1tenni, hogy ennek meg\u00e1llap\u00edt\u00e1s\u00e1hoz nekem minden k\u00f6r\u00fclm\u00e9nyt \u00e9s lehet\u0151s\u00e9get figyelembe kell vennem: nemcsak a csal\u00e1d bev\u00e9teleit \u00e9s kiad\u00e1sait, de a magyar \u00e1llam \u00e1ltal ny\u00fajthat\u00f3 lehet\u0151s\u00e9geket is, a szoci\u00e1lis seg\u00e9lyekt\u0151l kezdve a<\/em> <em>kedvezm\u00e9nyes csal\u00e1dt\u00e1mogat\u00e1si ell\u00e1t\u00e1sokig. Fel kell m\u00e9rnem, hogy ezek k\u00f6z\u00fcl a konkr\u00e9t csal\u00e1d sz\u00e1m\u00e1ra mely forr\u00e1sok hozz\u00e1f\u00e9rhet\u0151ek, \u00e9s melyek nem. Ez rettent\u0151 komoly munka, ami nagyon sok id\u0151t \u00e9s naprak\u00e9sz tud\u00e1st ig\u00e9nyel.<\/em><\/p>\n\n\n\n<p><strong>Meddig tart egy-egy ilyen munka?<\/strong><\/p>\n\n\n\n<p><em>Egy \u00fcgy (egy gyermek vagy testv\u00e9rp\u00e1r) \u00e1ltal\u00e1ban 6-8 hetet vesz ig\u00e9nybe. Az \u00e1ltalam elk\u00e9sz\u00edtett szak\u00e9rt\u0151i v\u00e9lem\u00e9ny \u00e1ltal\u00e1ban 120 oldalas, \u00f6sszef\u00fcgg\u0151 dokumentum, ami nagyon sz\u00e9les spektrum\u00fa. Nemcsak mag\u00e1r\u00f3l a csal\u00e1dr\u00f3l kell \u00edrnom benne, hanem mondjuk a roma kult\u00far\u00e1r\u00f3l, szok\u00e1sokr\u00f3l is (p\u00e9ld\u00e1ul a korai gyermekv\u00e1llal\u00e1s), \u00e9s nem utols\u00f3 sorban a helyzet\u00fckr\u0151l a magyar t\u00e1rsadalomban. Minden \u00e1ll\u00edt\u00e1somat hitelesen al\u00e1 is kell t\u00e1masztanom \u00fagy, hogy az meg\u00e1llja a hely\u00e9t egy t\u00e1rgyal\u00e1son \u00e9s ne lehessen belek\u00f6tni.<\/em><\/p>\n\n\n\n<p><strong>H\u00e1ny \u00fcgyed van egy \u00e9vben?<\/strong><\/p>\n\n\n\n<p><em>\u00c9vi 6-8 gyermeket tudok megvizsg\u00e1lni, p\u00e1rhuzamosan maximum 2 \u00fcgyet tudok vinni, de az m\u00e1r nagyon sok. Az ember azt gondoln\u00e1, hogy ez a sz\u00e1m cs\u00f6kken, de sajnos a val\u00f3s\u00e1g m\u00e1st mutat, egyre t\u00f6bb megkeres\u00e9st kapok, most m\u00e1r \u00e1tlagban havi 2 gyermeket.<\/em><\/p>\n\n\n\n<p><strong>Hogyan m\u00e9red a munk\u00e1d hat\u00e9konys\u00e1g\u00e1t?<\/strong><\/p>\n\n\n\n<p><em>Az\u00e9rt k\u00e9rnek fel engem, mert alapos munk\u00e1t v\u00e9gzek, \u00e9s a szakv\u00e9lem\u00e9nyeimet elfogadj\u00e1k a b\u00edr\u00f3s\u00e1gok.<\/em><\/p>\n\n\n\n<p><strong>Van inform\u00e1ci\u00f3d arr\u00f3l, hogy hogyan alakul a hazagondozott gyermekek sorsa? V\u00e9gzel ut\u00e1nk\u00f6vet\u00e9st?<\/strong><\/p>\n\n\n\n<p><em>Sajnos erre nincs kapacit\u00e1som. A hazagondoz\u00e1st k\u00f6vet\u0151en a gyermekek \u00fcgye \u00e1tker\u00fcl Magyarorsz\u00e1g hat\u00e1sk\u00f6r\u00e9be \u00e9s onnant\u00f3l kezdve sz\u00e1momra nincs hozz\u00e1f\u00e9r\u00e9s.<\/em><\/p>\n\n\n\n<p><strong>Nem gondolt\u00e1l m\u00e9g arra, hogy ez komoly vissza\u00e9l\u00e9sekre is okot adhat? Ha az angol \u00e1llam nem k\u00f6veti nyomon a gyerek sors\u00e1t a kihelyez\u00e9st k\u00f6vet\u0151en, akkor ki \u00e9s hogyan kontroll\u00e1lja, hogy az a havi \u00e1tlag 400 Font (ami aktu\u00e1lisan kb. 162.000 Ft) kire\/mire van felhaszn\u00e1lva \u00e9s nem utols\u00f3 sorban, hogy ki haszn\u00e1lja fel? Nem akarok rosszindulat\u00fa lenni, de ez az\u00e9rt nagy ziccer mondjuk egy m\u00e9lyszeg\u00e9nys\u00e9gben \u00e9l\u0151 csal\u00e1d sz\u00e1m\u00e1ra.<\/strong><\/p>\n\n\n\n<p><em>Igen, ez egy val\u00f3s rizik\u00f3, \u00e9s az, hogy egy esetleges vissza\u00e9l\u00e9s t\u00e9nye visszajut-e az angol b\u00edr\u00f3s\u00e1ghoz, teljess\u00e9ggel kisz\u00e1m\u00edthatatlan \u00e9s nagyban f\u00fcgg a magyar hat\u00f3s\u00e1gokt\u00f3l, akiknek azonban elvileg nincs jelent\u00e9si k\u00f6telezetts\u00e9ge.<\/em><\/p>\n\n\n\n<p><strong>L\u00e1ssuk j\u00f3l \u00e9rtem-e a helyzetet: kimegy a magyar csal\u00e1d Angli\u00e1ba; a gyerek beker\u00fcl \u00e1llami gondoz\u00e1sba, de a sz\u00fcl\u0151k nem esnek k\u00e9ts\u00e9gbe, hiszen megnyugtat\u00f3 a tudat sz\u00e1mukra, hogy a csemete n\u00e9h\u00e1ny h\u00f3napon bel\u00fcl hazaker\u00fcl a nagyihoz, nagykor\u00fas\u00e1g\u00e1ig \u00e1tlagban a magyar csal\u00e1di p\u00f3tl\u00e9k tizenh\u00e1romszoros\u00e1t hozva a konyh\u00e1ra havonta. Azt pedig, hogy ezt k\u00f6vet\u0151en a v\u00e9r szerinti sz\u00fcl\u0151k hazat\u00e9rve ism\u00e9t magukhoz veszik a gyereket, vagy rosszabb esetben csak az ut\u00e1na foly\u00f3s\u00edtott juttat\u00e1st; mindezt igaz\u00e1b\u00f3l senki nem kontroll\u00e1lja. &nbsp;<\/strong><\/p>\n\n\n\n<p><em>Nem gondoln\u00e1m, hogy ez lenne a jellemz\u0151, de elvileg el\u0151fordulhat.<\/em><\/p>\n\n\n\n<p><strong>Az angol gyermekv\u00e9delem egy komoly, \u00e1tgondolt \u00e9s apr\u00f3l\u00e9kosan kidolgozott rendszer. V\u00e9lem\u00e9nyed szerint meg\u00e9ri ezeknek a horribilis \u00f6sszegeknek a kifizet\u00e9se a befektet\u00e9st? Milyen es\u00e9lyekkel indulnak neki az \u00e9letnek az angol gyermekv\u00e9delmi rendszerb\u0151l kiker\u00fclt gyerekek?<\/strong><\/p>\n\n\n\n<p><em>Angli\u00e1ban is van \u00fagynevezett ut\u00f3gondoz\u00e1s, amit azonban a nevel\u0151sz\u00fcl\u0151k m\u00e1r nem sz\u00edvesen v\u00e1llalnak, mert l\u00e9nyegesen kevesebb p\u00e9nz j\u00e1r \u00e9rte. Az imm\u00e1r nagykor\u00fa fiatalok nagyr\u00e9szt ut\u00f3gondoz\u00f3i otthonokb\u00f3l l\u00e9pnek ki a nagybet\u0171s \u00e9letbe, de annak ellen\u00e9re, hogy a tov\u00e1bbtanul\u00e1si lehet\u0151s\u00e9geik korl\u00e1tlanul finansz\u00edrozva vannak, nem hoznak \u00e1tlagon fel\u00fcli teljes\u00edtm\u00e9nyeket. A k\u00fclf\u00f6ldiek viszont el\u0151szeretettel haszn\u00e1lj\u00e1k ki ezt a lehet\u0151s\u00e9get; f\u0151leg azok a fiatal menek\u00fcltek, akik k\u00eds\u00e9r\u0151 n\u00e9lk\u00fcl \u00e9rkeznek az orsz\u00e1gba \u00e9s fiatalabbnak mondj\u00e1k magukat a val\u00f3s korukn\u00e1l. Ez az\u00e9rt nagyon el\u0151ny\u00f6s sz\u00e1mukra, mert ha beker\u00fclnek az angol gyermekv\u00e9delmi rendszerbe, akkor biztos\u00edtani kell sz\u00e1mukra a tanul\u00e1s lehet\u0151s\u00e9g\u00e9t. Ezt t\u00f6bbnyire nagyon \u00fcgyesen ki is haszn\u00e1lj\u00e1k \u00e9s olyan iskol\u00e1kba is beker\u00fclnek, amit mondjuk egy \u00e1tlag fizet\u00e9ssel rendelkez\u0151 csal\u00e1d nem engedhet meg a saj\u00e1t gyermekeinek. Persze a hat\u00f3s\u00e1gok igyekeznek elej\u00e9t venni a vissza\u00e9l\u00e9seknek \u00e9s a legmodernebb orvos-diagnosztikai eszk\u00f6z\u00f6kkel pr\u00f3b\u00e1lj\u00e1k meg meg\u00e1llap\u00edtani a fiatalok val\u00f3s kor\u00e1t, de az igazs\u00e1g az, hogy el\u00e9g nagy a \u201er\u00e9s a pajzson.\u201d<\/em><\/p>\n","protected":false},"excerpt":{"rendered":"<p>Magyar gyermekek k\u00fclf\u00f6ldi gyermekv\u00e9delmi rendszerekben Az Eur\u00f3pai Uni\u00f3s szabads\u00e1gjogok egyik legmeghat\u00e1roz\u00f3bb pill\u00e9re a szabad munkav\u00e1llal\u00e1s, melynek hat\u00e1s\u00e1ra t\u00f6bb, mint 120.000 honfit\u00e1rsunk hagyta el v\u00e9gleg vagy \u00e1tmenetileg az orsz\u00e1got \u00e9s v\u00e1llalt munk\u00e1t k\u00fclf\u00f6ld\u00f6n: f\u0151k\u00e9nt N\u00e9metorsz\u00e1gban, Ausztri\u00e1ban \u00e9s Angli\u00e1ban. Hogy ennek a gazdas\u00e1gi migr\u00e1ci\u00f3nak milyen hat\u00e1sai vannak a csal\u00e1dokra, arr\u00f3l persze igen el\u0151rel\u00e1t\u00f3an nem k\u00e9sz\u00fcltek felm\u00e9r\u00e9sek; \u00fagyhogy &hellip; <a href=\"https:\/\/kobolcso.hu\/?page_id=296\" class=\"more-link\"><span class=\"screen-reader-text\">T\u00e9v\u00faton<\/span> r\u00e9szletei&#8230;<\/a><\/p>\n","protected":false},"author":1,"featured_media":0,"parent":0,"menu_order":0,"comment_status":"closed","ping_status":"closed","template":"","meta":{"footnotes":""},"class_list":["post-296","page","type-page","status-publish","hentry"],"_links":{"self":[{"href":"https:\/\/kobolcso.hu\/index.php?rest_route=\/wp\/v2\/pages\/296","targetHints":{"allow":["GET"]}}],"collection":[{"href":"https:\/\/kobolcso.hu\/index.php?rest_route=\/wp\/v2\/pages"}],"about":[{"href":"https:\/\/kobolcso.hu\/index.php?rest_route=\/wp\/v2\/types\/page"}],"author":[{"embeddable":true,"href":"https:\/\/kobolcso.hu\/index.php?rest_route=\/wp\/v2\/users\/1"}],"replies":[{"embeddable":true,"href":"https:\/\/kobolcso.hu\/index.php?rest_route=%2Fwp%2Fv2%2Fcomments&post=296"}],"version-history":[{"count":1,"href":"https:\/\/kobolcso.hu\/index.php?rest_route=\/wp\/v2\/pages\/296\/revisions"}],"predecessor-version":[{"id":299,"href":"https:\/\/kobolcso.hu\/index.php?rest_route=\/wp\/v2\/pages\/296\/revisions\/299"}],"wp:attachment":[{"href":"https:\/\/kobolcso.hu\/index.php?rest_route=%2Fwp%2Fv2%2Fmedia&parent=296"}],"curies":[{"name":"wp","href":"https:\/\/api.w.org\/{rel}","templated":true}]}}