{"id":331,"date":"2022-01-31T11:08:28","date_gmt":"2022-01-31T11:08:28","guid":{"rendered":"http:\/\/kobolcso.hu\/?page_id=331"},"modified":"2022-01-31T11:39:50","modified_gmt":"2022-01-31T11:39:50","slug":"minden-napra-egy-mese-a-magyar-hofeherke","status":"publish","type":"page","link":"https:\/\/kobolcso.hu\/?page_id=331","title":{"rendered":"Minden napra egy mese- A magyar H\u00f3feh\u00e9rke"},"content":{"rendered":"\n<figure class=\"wp-block-image size-large is-resized\"><img loading=\"lazy\" decoding=\"async\" src=\"http:\/\/kobolcso.hu\/wp-content\/uploads\/2022\/01\/apple-3483512_1280-1024x682.jpg\" alt=\"\" class=\"wp-image-336\" width=\"579\" height=\"385\" srcset=\"https:\/\/kobolcso.hu\/wp-content\/uploads\/2022\/01\/apple-3483512_1280-1024x682.jpg 1024w, https:\/\/kobolcso.hu\/wp-content\/uploads\/2022\/01\/apple-3483512_1280-300x200.jpg 300w, https:\/\/kobolcso.hu\/wp-content\/uploads\/2022\/01\/apple-3483512_1280-768x512.jpg 768w, https:\/\/kobolcso.hu\/wp-content\/uploads\/2022\/01\/apple-3483512_1280.jpg 1280w\" sizes=\"auto, (max-width: 579px) 100vw, 579px\" \/><\/figure>\n\n\n\n<p><\/p>\n\n\n\n<p><strong>Mindenki ismeri a Grimm fiv\u00e9rek makul\u00e1tlan \u00e1rv\u00e1j\u00e1nak \u00e9s a m\u00e9rgezett alm\u00e1nak a hist\u00f3ri\u00e1j\u00e1t, melyet sz\u00e1mos alkalommal dolgoztak fel az irodalomban, a zen\u00e9ben vagy \u00e9ppen a telev\u00edzi\u00f3ban. Az al\u00e1bbi t\u00f6rt\u00e9netet azonban a mai magyar val\u00f3s\u00e1g sz\u0151tte, nem az \u00edr\u00f3i fant\u00e1zia.<\/strong><\/p>\n\n\n\n<p><strong>Anna<\/strong> \u00e9desanyja egy nevel\u0151int\u00e9zetben dolgozott, \u00edgy sz\u00e1m\u00e1ra nem volt idegen \u00e9s misztikus a gyermekv\u00e9delmi rendszer, s b\u00e1r az \u00e9let kezdetben eg\u00e9szen m\u00e1s p\u00e1ly\u00e1ra \u00e1ll\u00edtotta, miut\u00e1n saj\u00e1t gyermekei kirep\u00fcltek, \u00fagy d\u00f6nt\u00f6tt, hogy kipr\u00f3b\u00e1lja mag\u00e1t, mint nevel\u0151sz\u00fcl\u0151: m\u00e1sodik f\u00e9rj\u00e9vel 5 \u00e9s f\u00e9l \u00e9v alatt \u00f6sszesen 10 gyermek sz\u00e1m\u00e1ra ny\u00fajtottak otthont \u00e9s biztons\u00e1got.<\/p>\n\n\n\n<p>Egy 55 m2-es, 1+2 f\u00e9l szob\u00e1s lak\u00e1sban \u00e9lt\u00fcnk akkor h\u00e1rman: a f\u00e9rjem (aki katona l\u00e9v\u00e9n szinte sosem volt otthon), \u00e9n \u00e9s a legkisebb fiam, aki akkor m\u00e1r nagykor\u00fa volt- kezd bele a t\u00f6rt\u00e9netbe Anna. Amikor nevel\u0151sz\u00fcl\u0151nek jelentkeztem, ezeket a k\u00f6r\u00fclm\u00e9nyeket figyelembe v\u00e9ve k\u00e9rtem a fenntart\u00f3t, hogy lehet\u0151leg fi\u00fat helyezzen ki hozz\u00e1nk. Az els\u0151 kiaj\u00e1nl\u00e1s ennek ellen\u00e9re egy 13 \u00e9ves l\u00e1nyr\u00f3l sz\u00f3lt, akit egy ismer\u0151s nevel\u0151sz\u00fcl\u0151 p\u00e1rt\u00f3l emeltek ki, akiket a gyermek b\u00e1ntalmaz\u00e1ssal v\u00e1dolt meg, mint k\u00e9s\u0151bb kider\u00fclt: alaptalanul. \u00dagy gondoltam, ez velem nem fordulhat el\u0151 \u00e9s megpr\u00f3b\u00e1lom; \u00edgy ker\u00fclt hozz\u00e1nk Gigi. Mufurc, \u00e9rinthetetlen, \u00f6nt\u00f6rv\u00e9ny\u0171 l\u00e1ny volt. Amikor a k\u00f6nyvedet olvastam, egyb\u0151l r\u00e1ismertem, mert \u0151 is folyamatosan zab\u00e1lt, mintha ezen m\u00falt volna az \u00e9lete. Mivel \u0151 volt az els\u0151 gyermek, igyekeztem a kedv\u00e9ben j\u00e1rni, \u00e9s ennek k\u00f6sz\u00f6nhet\u0151en siker\u00fclt egy \u00e9lhet\u0151 \u00e9letk\u00f6z\u00f6ss\u00e9get kialak\u00edtanunk. Sokat besz\u00e9lgett\u00fcnk; ezek a gyerekek szeretnek magukr\u00f3l mes\u00e9lni, ha t\u00e9nyleges figyelmet kapnak.<\/p>\n\n\n\n<p>A sikeres egy\u00fcttm\u0171k\u00f6d\u00e9st l\u00e1tva a fenntart\u00f3 egy \u00fajabb l\u00e1nygyermeket helyezett ki hozz\u00e1nk: Andre\u00e1t. Andik\u00e1nak volt kapcsolattart\u00e1sa a v\u00e9r szerinti sz\u00fcleivel, de igaz\u00e1b\u00f3l m\u00e9gsem kellett senkinek. Val\u00f3sz\u00edn\u0171leg ez volt az oka annak, hogy tudatosan, mindenhol lerombolt minden j\u00f3t maga k\u00f6r\u00fcl: az iskol\u00e1ban folyamatosan bomlasztotta a k\u00f6z\u00f6ss\u00e9get, a rokonai pedig \u2013 b\u00e1r egy\u00e1ltal\u00e1n nem \u00e1llt sz\u00e1nd\u00e9kukban magukhoz venni a gyermeket- ott sz\u00edtottak fesz\u00fclts\u00e9get, ahol csak tudtak.<\/p>\n\n\n\n<p>A k\u00e9t l\u00e1ny egy szob\u00e1ba ker\u00fclt \u00e9s nagyon j\u00f3l kij\u00f6ttek egym\u00e1ssal. Mindketten intenz\u00edven \u00e9rdekl\u0151dtek az id\u0151sebb f\u00e9rfiak ir\u00e1nt, de provokat\u00edv, min\u0151s\u00edthetetlen viselked\u00e9s\u00fck folyton konfliktusokat eredm\u00e9nyezett. A szab\u00e1lyok egyre gyakoribb \u00e9s durv\u00e1bb \u00e1th\u00e1g\u00e1sa miatt m\u00e1r \u00e9n sem voltam annyira enged\u00e9keny \u00e9s eln\u00e9z\u0151: f\u00e9ltettem \u0151ket \u00e9s megpr\u00f3b\u00e1ltam egy vil\u00e1gos \u00e9s \u00e9rthet\u0151 szab\u00e1lyok szerint m\u0171k\u00f6d\u0151 napi rutint vinni az \u00e9let\u00fckbe. A kimen\u0151ket p\u00e9ld\u00e1ul olyan felt\u00e9telekhez k\u00f6t\u00f6ttem, mint a rendrak\u00e1s a saj\u00e1t szob\u00e1jukban, szekr\u00e9ny\u00fckben, vagy a k\u00f6z\u00f6s helyis\u00e9gek tiszt\u00e1ntart\u00e1s\u00e1ban val\u00f3 r\u00e9szv\u00e9tel. Az \u00faj rend term\u00e9szetesen nem aratott osztatlan sikert, amire fel voltam ugyan k\u00e9sz\u00fclve, de az \u00e9let ennek ellen\u00e9re olyan pofont adott, hogy a fal adta a m\u00e1sikat.<\/p>\n\n\n\n<p>Akkoriban szoci\u00e1lis gondoz\u00f3k\u00e9nt id\u0151s embereket \u00e1poltam d\u00e9lel\u0151tt\u00f6nk\u00e9nt, am\u00edg a gyerekek iskol\u00e1ban voltak. Egy alkalommal egy p\u00e1ciens lak\u00e1s\u00e1n h\u00faztam meg a rendszeresen magammal vitt, s\u00f6t\u00e9tz\u00f6ld \u00e1sv\u00e1nyvizes \u00fcveget. A folyad\u00e9k azonban nem az \u00e1ltalam elk\u00e9sz\u00edtett tea volt, hanem valami m\u00e1s, ami v\u00e9gigmarta a nyel\u0151cs\u00f6vemet, eg\u00e9szen a gyomromig. \u00c9reztem, hogy nagy baj van!<\/p>\n\n\n\n<p>Nem akartam elhinni, de a lelkem m\u00e9ly\u00e9n tudtam, hogy mi t\u00f6rt\u00e9nt.<\/p>\n\n\n\n<p><em>Mint kider\u00fclt, a k\u00e9t nevelt l\u00e1ny mosogat\u00f3szert \u00e9s zs\u00edrold\u00f3t t\u00f6lt\u00f6tt az \u00fcvegembe, hogy megm\u00e9rgezzenek. 13 \u00e9s 11 \u00e9vesek voltak ekkor.<\/em><\/p>\n\n\n\n<p>Andika, a kisebbik volt az \u00f6tletgazda, de amikor kider\u00fclt a dolog, megpr\u00f3b\u00e1lta az eg\u00e9szet Gigire kenni. El sem akartam hinni mindazt, ami t\u00f6rt\u00e9nt. Term\u00e9szetesen azonnal \u00e9rtes\u00edtettem a gy\u00e1mot \u00e9s a fenntart\u00f3t, akik szint\u00e9n nem tal\u00e1lkoztak m\u00e9g hasonl\u00f3 esettel.<\/p>\n\n\n\n<p>B\u00e1r azonnal elismerte a m\u00e9rgez\u00e9st, meg sem pr\u00f3b\u00e1lt \u00fagy tenni, mintha sajn\u00e1ln\u00e1, ami t\u00f6rt\u00e9nt. Azt, hogy hogyan tudta cs\u0171rni-csavarni a sz\u00f3t, egyszer\u0171en nem lehet le\u00edrni, azt meg kell \u00e9lni: nem tudsz vele vitatkozni, nem tudod legy\u0151zni, sem meggy\u0151zni, mert mindig f\u00f6l\u00e9d kerekedik, sem Istent, sem embert nem ismer, csak \u00e9s kiz\u00e1r\u00f3lag saj\u00e1t mag\u00e1t l\u00e1tja, \u00e9rz\u00e9keli. Mint egy pszichopata valami rossz thrillerben.<\/p>\n\n\n\n<p><strong><em>Mi t\u00f6rt\u00e9nt ez ut\u00e1n?<\/em><\/strong><\/p>\n\n\n\n<p>A l\u00e1nyok maradtak m\u00e9g egy ideig. Fogalmam sincs, hogy tudta Andika el\u00e9rni, de a v\u00e9g\u00e9n m\u00e9g nekem volt lelkiismert-furdal\u00e1som. Napokig, s\u0151t hetekig voltam k\u00e1ba a sokkt\u00f3l, de sem a gy\u00e1m, sem a fenntart\u00f3m nem vette k\u00e9zbe az \u00fcgyet \u00e9s nem tettek feljelent\u00e9st sem. Ment a \u201emeg kell adni az es\u00e9lyt\u201d marketing, \u00e9s igyekeztek a sz\u0151nyeg al\u00e1 s\u00f6p\u00f6rni az \u00fcgyet annak ellen\u00e9re, hogy l\u00e1tt\u00e1k, mennyire megviseltek minket a t\u00f6rt\u00e9ntek. Az azonban nyilv\u00e1nval\u00f3v\u00e1 v\u00e1lt, hogy a gyerek vesz\u00e9lyes \u00e9s \u00f3ri\u00e1si rizik\u00f3t hordoz mag\u00e1ban, ami m\u00e1shol is k\u00f6nnyen trag\u00e9di\u00e1ba fulladhat \u00e9s kibuktathatja ezt az \u00fcgyet is. Gyorsan ker\u00edtettek egy nagyn\u00e9nit, aki hajland\u00f3 volt mag\u00e1hoz venni Andik\u00e1t, aki \u00edgy kiker\u00fclt a rendszerb\u0151l \u00e9s a probl\u00e9ma megold\u00f3dott.\u00a0Mindenki megk\u00f6nnyebb\u00fclt. (Csak mellesleg jegyzem meg, hogy 7 h\u00f3nap eltelt\u00e9vel visszaker\u00fclt a rendszerbe, a nagyn\u00e9ni sem b\u00edrta a gy\u0171r\u0151d\u00e9st.)<\/p>\n\n\n\n<p><strong><em>Milyen seg\u00edts\u00e9get kapt\u00e1l ezt k\u00f6vet\u0151en?<\/em><\/strong><\/p>\n\n\n\n<p>Egyetlen j\u00f3 tan\u00e1csot kaptam\/kaptunk, ami \u00edgy sz\u00f3lt: <em><strong>\u201e A f\u00e9rje is tegye oda kicsit mag\u00e1t, ha gyerekr\u0151l van sz\u00f3!\u201d<\/strong><\/em><\/p>\n\n\n\n<p>Sokat besz\u00e9lgett\u00fcnk \u00e9s gondolkodtunk azon, hogy hogyan tov\u00e1bb, k\u00fcl\u00f6n\u00f6sen a nem mindennapi t\u00f6rt\u00e9net f\u00e9ny\u00e9ben, v\u00e9g\u00fcl d\u00f6nt\u0151 elhat\u00e1roz\u00e1sra jutottunk: a fiamnak otthagytuk a lak\u00e1st, mi pedig v\u00e1s\u00e1roltunk egy tany\u00e1t. \u00dagy tervezt\u00fck, hogy mindketten \u201eodatessz\u00fck\u201d magunkat, \u00e9s t\u00f6bb gyereket v\u00e1llalunk abb\u00f3l a megfontol\u00e1sb\u00f3l, hogy ha nem p\u00e1rban vannak, hanem t\u00f6bben, akkor nem tudnak majd \u00fagy \u00f6sszez\u00e1rni ellen\u00fcnk. Ez volt a logik\u00e1nk, de az igazs\u00e1ghoz az is hozz\u00e1tartozik, hogy mivel a nevel\u0151sz\u00fcl\u0151s\u00e9g miatt feladtam a 12 \u00e9ves karrieremet, nem is igaz\u00e1n l\u00e1ttam visszautat. Olyan megold\u00e1st kerest\u00fcnk teh\u00e1t, ami lehet\u0151v\u00e9 tette ennek a hivat\u00e1snak a gyakorl\u00e1s\u00e1t, ugyanakkor m\u00e1s, egy\u00e9b kereseti lehet\u0151s\u00e9get is biztos\u00edtott sz\u00e1munkra, mint p\u00e9ld\u00e1ul az \u00e1llattart\u00e1s \u00e9s a n\u00f6v\u00e9nytermeszt\u00e9s.<\/p>\n\n\n\n<p><strong><em>Egy ilyen esem\u00e9ny ut\u00e1n sz\u00e1zb\u00f3l sz\u00e1zegy ember azt mondan\u00e1, hogy k\u00f6sz\u00f6ni sz\u00e9pen, ennyi volt, nem k\u00e9r repet\u00e1t, ti azonban ahelyett, hogy megh\u00e1tr\u00e1ltatok volna, m\u00e9g halmozt\u00e1tok is az \u201e\u00e9lvezeteket\u201d. Mi volt ennek az oka, honnan mer\u00edtettek er\u0151t ehhez?<\/em><\/strong><\/p>\n\n\n\n<p>Sokat gondolkodtam ezen \u00e9s azt hiszem ennek az az oka, hogy a t\u00f6rt\u00e9ntek ellen\u00e9re <em>mi valahol meg\u00e9rtett\u00fck ezeket a gyerekeket<\/em>, hiszen tudtuk \u00e9s \u0151k maguk is elmes\u00e9lt\u00e9k, hogy milyen sz\u00f6rny\u0171s\u00e9get \u00e9ltek meg. De nemcsak \u0151k, hanem mi is, szem\u00e9ly szerint \u00e9n is. Nekem sem volt fen\u00e9kig tejf\u00f6l a gyerekkorom \u00e9s a saj\u00e1t fiaimmal is rettent\u0151en neh\u00e9z volt. <em>Soha nem gondoltam, hogy k\u00f6nny\u0171 lesz, mert igaz\u00e1b\u00f3l nekem soha nem volt k\u00f6nny\u0171 semmi sem az \u00e9letben. Ha \u0151szinte akarok lenni, igaz\u00e1b\u00f3l azt se tudom, milyen az.<\/em><\/p>\n\n\n\n<p>A tany\u00e1n (ahov\u00e1 5 f\u00e9r\u0151helyet kaptunk) \u00fagy gondoltuk, hogy m\u00e1r okosabban fogunk elj\u00e1rni \u00e9s tartjuk magunkat az elk\u00e9pzel\u00e9seinkhez, p\u00e9ld\u00e1ul ahhoz, hogy csak fi\u00fakat fogadunk majd. <em>(nevet<\/em>) Azt\u00e1n j\u00f6tt a val\u00f3s\u00e1g: cs\u00f6rg\u00f6tt a telefon, hogy van egy n\u00e9gyes roma testv\u00e9rp\u00e1r: <strong>3 fi\u00fa \u00e9s egy l\u00e1ny.<\/strong> Igent mondtunk, gondoltuk: ez \u00edgy m\u00e9g belef\u00e9r. Az ismerked\u00e9s meg a beszoktat\u00e1s ebben a rendszerben azonban ismeretlen, csak pap\u00edron l\u00e9tez\u0151 fogalom. Sz\u00f3val meg\u00e1llt az aut\u00f3 a bej\u00e1r\u00f3 elej\u00e9n \u00e9s kisz\u00e1llt bel\u0151le <strong>3 l\u00e1ny \u00e9s egy fi\u00fa.<\/strong> A gy\u00e1m be se j\u00f6tt, az ajt\u00f3ban adt\u00e1k \u00e1t a gyerekeket. A j\u00f3zan\u00e9sz megint cs\u0151d\u00f6t mondott; csak \u00e1lltunk a kapuban ledermedve \u00e9s mit tehett\u00fcnk volna, \u00e1tvett\u00fck a gyerekeket. Piszkos egy h\u00faz\u00e1s volt.<\/p>\n\n\n\n<p>\u0150ket k\u00f6vette m\u00e9g 2 pelenk\u00e1s, illetve tov\u00e1bbi 2 t\u0171zr\u0151l pattant, 10 \u00e9v k\u00f6r\u00fcli kis cig\u00e1nygyerek. A h\u00e1zunk alapter\u00fclete persze nem n\u0151tt, csak a f\u00e9r\u0151helyek ir\u00e1nti sz\u00fcks\u00e9g, ami k\u00e9pes fel\u00fcl\u00edrni mindenf\u00e9le szab\u00e1lyt.<\/p>\n\n\n\n<p><em>Beleadtuk az \u00e9let\u00fcnket az utols\u00f3 kiskan\u00e1lig.<\/em> Mivel a n\u00e1lunk elhelyezett gyerekek mindegyike s\u00falyos pszich\u00e9s gondokkal k\u00fczd\u00f6tt, nagy kih\u00edv\u00e1s volt lefoglalni \u0151ket, hogy ne azon j\u00e1rjon az esz\u00fck, hogy hogyan vagdoss\u00e1k magukat vagy honnan szerezzenek drogot, esetleg melyik m\u00e1sik nevelt gyerekkel fek\u00fcdjenek \u00f6ssze. rendszeresek voltak a d\u00fchrohamok is, aminek rendszerint rong\u00e1l\u00e1s lett a v\u00e9ge. Persze mindez saj\u00e1t zsebre ment, senki nem t\u00f6r\u0151d\u00f6tt vele, mennyi anyagi k\u00e1rt okoztak.<\/p>\n\n\n\n<p><em>Igyekezt\u00fcnk hasznos tev\u00e9kenys\u00e9gekbe bevonni \u0151ket \u00e9s siker\u00fclt is p\u00e1r dolgot \u201ebel\u00e9j\u00fck lopni\u201d. Sajnos a \u201esemmihez ragaszkod\u00e1s\u201d a v\u00e9gletekig jellemz\u0151 volt mindannyiukra \u00e9s tulajdonk\u00e9ppen ez hat\u00e1rozta meg a sorsukat.<\/em><\/p>\n\n\n\n<p><strong><em>Mit \u00e9rtesz ez alatt?<\/em><\/strong><\/p>\n\n\n\n<p>Azt, hogy hi\u00e1ba pr\u00f3b\u00e1ltuk a t\u0151l\u00fcnk telhet\u0151 legjobbat ny\u00fajtani nekik \u00e9s a helyes ir\u00e1nyba terelni \u0151ket, a gy\u00f6kereik, a v\u00e9r szerinti kapcsolataik sokkal meghat\u00e1roz\u00f3bbak \u00e9s fel\u00fcl\u00edrhatatlanok. Ez lett azt\u00e1n tulajdonk\u00e9ppen a mi veszt\u00fcnk is.<\/p>\n\n\n\n<p><strong><em>Hogyan \u00e9rt v\u00e9get a p\u00e1lyafut\u00e1sotok, mint nevel\u0151sz\u00fcl\u0151k?<\/em><\/strong><\/p>\n\n\n\n<p><em>Ahogy m\u00e1r eml\u00edtettem, a fenntart\u00f3t\u00f3l soha semmif\u00e9le \u00e9rdemi seg\u00edts\u00e9get nem kaptunk. Pszichi\u00e1triai ell\u00e1t\u00e1sra szorul\u00f3, \u00f6ngyilkoss\u00e1gra hajlamos, mag\u00e1t v\u00e1gdos\u00f3, magatart\u00e1szavaros, drogoz\u00f3 gyermekeket nevelt\u00fcnk mindenf\u00e9le speci\u00e1lis, szakir\u00e1ny\u00fa k\u00e9pz\u00e9s, seg\u00edts\u00e9g n\u00e9lk\u00fcl. Egyszerre \u00f6t\u00f6t-hatot, olyanokat, akikb\u0151l m\u00e1snak m\u00e9g egy is sok.<strong> <\/strong><\/em>F\u00e9l \u00e9ven kereszt\u00fcl heti rendszeress\u00e9ggel hordtuk a gyerekeket pszichol\u00f3gushoz, aki t\u00f6bbnyire be\u00fcltette \u0151ket egy asztalhoz, hogy rajzoljanak valamit, am\u00edg \u0151 a fontosabb dolgait \u00edrta vagy \u00e9pp m\u00e1ssal telefon\u00e1lt. Havonta t\u00f6bb mint 1000 km-t kocsik\u00e1ztunk emiatt saj\u00e1t k\u00f6lts\u00e9gen, a semmi\u00e9rt, m\u00edg a gyerekekkel egyhang\u00falag arra az elhat\u00e1roz\u00e1sra jutottunk, hogy ennek \u00edgy semmi \u00e9rtelme, nem csin\u00e1ljuk tov\u00e1bb. Lett is nagy felh\u00e1borod\u00e1s bel\u0151le, mert ugye a l\u00e1tszat a fontos, hogy van kezel\u00e9s\u2026 de az, hogy milyen, az m\u00e1r csak minket \u00e9rdekelt. \u00c9rdekes m\u00f3don hivatalosan egyik gyereknek sem volt pap\u00edrja arr\u00f3l, hogy speci\u00e1lis vagy k\u00fcl\u00f6nleges ell\u00e1t\u00e1sra lenn\u00e9nek jogosultak, mindegyik\u00fck norm\u00e1lk\u00e9nt volt elk\u00f6nyvelve, hiszen \u00edgy nem kellett r\u00e1juk emelt szint\u0171 ell\u00e1tm\u00e1nyt fizetni.<\/p>\n\n\n\n<p>Soha nem volt egyetlen nyugodt perc\u00fcnk sem. A tinik vagy \u00f6n, vagy k\u00f6zvesz\u00e9lyesek voltak, \u00e9jjel-nappal k\u00e9szenl\u00e9tben kellett \u00e1llnunk \u00e9s a f\u00e9rjem lassan kezdte feladni. Pedig rengeteg energi\u00e1nk volt, de v\u00e9szesen fogyott. Erre j\u00f6tt a Kovid 2020 tavasz\u00e1n, ami azt eredm\u00e9nyezte, hogy minden gyerek nonstop otthon volt. Kapcsolattart\u00e1s a rokonokkal persze volt, de vakcina nem \u00e9s \u00e9n nagyon f\u00e9ltem a fert\u0151z\u00e9st\u0151l. A korl\u00e1toz\u00f3 int\u00e9zked\u00e9seket pedig komolyan vettem, mert az \u00e9desany\u00e1m m\u00e1r t\u00fal van a 80 \u00e9ven \u00e9s nagyon f\u00e9ltettem. A serd\u00fcl\u0151k azonban egyre kev\u00e9sb\u00e9 b\u00edrt\u00e1k a kort\u00e1rsaik n\u00e9lk\u00fcl, pedig nem is egy 50 n\u00e9gyzetm\u00e9teres kis lak\u00e1sban kellett lenni\u00fck, hanem viszonylag nagy mozg\u00e1ster\u00fck volt.<\/p>\n\n\n\n<p>A nagyok elkezdtek lefel\u00e9 cs\u00faszni: vitte \u0151ket a kamasz v\u00e9r\u00fck, a szerelem, a v\u00e9r szerinti rokonaik, az enged\u00e9ly n\u00e9lk\u00fcli bulik vagy \u00e9ppen a lak\u00e1sotthonban lak\u00f3, mindent is tud\u00f3 \u201ebar\u00e1tok\u201d befoly\u00e1sa. Gigi volt az els\u0151, aki feladta: maga ment be a hivatalba \u00e9s k\u00e9rte az \u00e1thelyez\u00e9s\u00e9t, hogy &#8222;v\u00e9gre t\u00f6rt\u00e9njen vele valami&#8221;. A t\u00f6bbiek k\u00e9s\u0151bb azt mes\u00e9lt\u00e9k, hogy azt mondta nekik, ha nem ker\u00fcl el t\u0151l\u00fcnk azt mondja, hogy megvert\u00fck. A v\u00e1gyott szabads\u00e1g v\u00e9ge azt\u00e1n egy z\u00e1rt int\u00e9zeti elhelyez\u00e9s lett.<\/p>\n\n\n\n<p>A n\u00e9gyes testv\u00e9rp\u00e1rb\u00f3l a nagyl\u00e1ny szint\u00e9n speci\u00e1lis lak\u00e1sotthonba ker\u00fclt. Az \u0151 \u00e1thelyez\u00e9s\u00e9t \u00e9n k\u00e9rtem, miut\u00e1n unalm\u00e1ban betan\u00edtotta \u00e9s r\u00e1usz\u00edtotta a kuty\u00e1t egy m\u00e1sik, szint\u00e9n n\u00e1lunk nevelked\u0151 nevelt gyerekre.<\/p>\n\n\n\n<p>A b\u00e1tyja megsz\u00f6k\u00f6tt a szerelme ut\u00e1n \u00e9s arra j\u00e1tszott, hogy a l\u00e1ny sz\u00fclei veszik magukhoz, ami persze nem t\u00f6rt\u00e9nt meg. Hetekig k\u00fczd\u00f6tt\u00fcnk emiatt egym\u00e1ssal \u00e9s a szab\u00e1lyok tiszt\u00e1k voltak: ha elmegy, nem fogadom vissza. A sz\u00edvem szakadt meg, mert \u0151 volt a kedvencem, de <em><strong>akkor m\u00e1r eljutottam arra a pontra, hogy a t\u00fal\u00e9l\u00e9si \u00f6szt\u00f6n\u00f6m vette \u00e1t az ir\u00e1ny\u00edt\u00e1st a sz\u00edvem f\u00f6l\u00f6tt.<\/strong><\/em><\/p>\n\n\n\n<p><em>Mindek\u00f6zben semmi, de az \u00e9gvil\u00e1gon semmi seg\u00edts\u00e9get nem kaptam \u00e9s azt \u00e9reztem, hogy nem tudok m\u00e1r hozz\u00e1tenni ezekhez a gyerekekhez.<\/em> Mindenemet odaadtam \u00e9s semmim nem maradt. A v\u00e9g\u00e9n a tan\u00e1csad\u00f3 m\u00e1r a telefont sem vette fel nekem. Innen m\u00e1r tudtam, hogy v\u00e9ge.<\/p>\n\n\n\n<p>A gyerekek ezt k\u00f6vet\u0151en azonban m\u00e9g 2 h\u00f3napig voltak n\u00e1lam, \u00e9s felmondanom is csak \u00fcgyv\u00e9d seg\u00edts\u00e9g\u00e9vel siker\u00fclt.<\/p>\n\n\n\n<p>Az 5,5 \u00e9v alatt a folyamatos k\u00e9szenl\u00e9ti \u00e1llapot \u00e9s stressz miatt elt\u00e1volodtunk egym\u00e1st\u00f3l a f\u00e9rjemmel. Nem voltak hangos vit\u00e1ink, ink\u00e1bb csak n\u00e9ma szemreh\u00e1ny\u00e1s, majd k\u00e9s\u0151bb j\u00f6tt a csendes belet\u00f6r\u0151d\u00e9s. Mi\u00f3ta visszaadtuk a gyerekeket, ism\u00e9t \u00f6sszez\u00e1rtunk. Nem pr\u00f3b\u00e1ljuk meg elfelejteni \u0151ket, s\u0151t t\u00f6bbel a mai napig tartjuk a kapcsolatot. Fell\u00e9legezt\u00fcnk, megk\u00f6nnyebb\u00fclt\u00fcnk, de \u00e9pphogy csak t\u00fal\u00e9lt\u00fck.<\/p>\n\n\n\n<p><strong><em>De a m\u00e9rgez\u00e9sn\u00e9l is nagyobb traum\u00e1t jelentett testk\u00f6zelb\u0151l megtapasztalni a rendszer embertelens\u00e9g\u00e9t \u00e9s eszk\u00f6ztelens\u00e9g\u00e9t, amivel nemcsak a nevel\u0151sz\u00fcl\u0151ket zsigerelik ki a v\u00e9gletekig, hanem a gyerekeket is a szakad\u00e9kba l\u00f6kik. A d\u00f6bbenetemre a mai napig nincsenek szavak.<\/em><\/strong><\/p>\n","protected":false},"excerpt":{"rendered":"<p>Mindenki ismeri a Grimm fiv\u00e9rek makul\u00e1tlan \u00e1rv\u00e1j\u00e1nak \u00e9s a m\u00e9rgezett alm\u00e1nak a hist\u00f3ri\u00e1j\u00e1t, melyet sz\u00e1mos alkalommal dolgoztak fel az irodalomban, a zen\u00e9ben vagy \u00e9ppen a telev\u00edzi\u00f3ban. Az al\u00e1bbi t\u00f6rt\u00e9netet azonban a mai magyar val\u00f3s\u00e1g sz\u0151tte, nem az \u00edr\u00f3i fant\u00e1zia. Anna \u00e9desanyja egy nevel\u0151int\u00e9zetben dolgozott, \u00edgy sz\u00e1m\u00e1ra nem volt idegen \u00e9s misztikus a gyermekv\u00e9delmi rendszer, s &hellip; <a href=\"https:\/\/kobolcso.hu\/?page_id=331\" class=\"more-link\"><span class=\"screen-reader-text\">Minden napra egy mese- A magyar H\u00f3feh\u00e9rke<\/span> r\u00e9szletei&#8230;<\/a><\/p>\n","protected":false},"author":1,"featured_media":0,"parent":0,"menu_order":0,"comment_status":"closed","ping_status":"closed","template":"","meta":{"footnotes":""},"class_list":["post-331","page","type-page","status-publish","hentry"],"_links":{"self":[{"href":"https:\/\/kobolcso.hu\/index.php?rest_route=\/wp\/v2\/pages\/331","targetHints":{"allow":["GET"]}}],"collection":[{"href":"https:\/\/kobolcso.hu\/index.php?rest_route=\/wp\/v2\/pages"}],"about":[{"href":"https:\/\/kobolcso.hu\/index.php?rest_route=\/wp\/v2\/types\/page"}],"author":[{"embeddable":true,"href":"https:\/\/kobolcso.hu\/index.php?rest_route=\/wp\/v2\/users\/1"}],"replies":[{"embeddable":true,"href":"https:\/\/kobolcso.hu\/index.php?rest_route=%2Fwp%2Fv2%2Fcomments&post=331"}],"version-history":[{"count":5,"href":"https:\/\/kobolcso.hu\/index.php?rest_route=\/wp\/v2\/pages\/331\/revisions"}],"predecessor-version":[{"id":339,"href":"https:\/\/kobolcso.hu\/index.php?rest_route=\/wp\/v2\/pages\/331\/revisions\/339"}],"wp:attachment":[{"href":"https:\/\/kobolcso.hu\/index.php?rest_route=%2Fwp%2Fv2%2Fmedia&parent=331"}],"curies":[{"name":"wp","href":"https:\/\/api.w.org\/{rel}","templated":true}]}}